isor of r and 40?
20
Let u(a) = 2282*a - 2261. Let b be u(1). Suppose n - 4*v - 75 = -v, -n - v = -87. Calculate the greatest common divisor of b and n.
21
Let y(q) = -q**3 - 22*q**2 - 75*q + 8. Let x be y(-4). What is the highest common divisor of x and 19540?
20
Suppose 3*q - 5*t = -2*q + 45, -19 = -q - t. Let h(s) = -2*s**2 + 17*s + 21. Let b be h(q). Let i = b - -141. Calculate the highest common factor of 2 and i.
2
Let i = 15 - -65. Suppose 560 - i = 12*p. Let w = -31 + 61. What is the highest common factor of w and p?
10
Suppose 4*n = -g + 1643, -3*n - 2628 = -4*g + 3963. What is the highest common factor of 122 and g?
61
Let t = -1497 + 2927. What is the highest common factor of t and 1760?
110
Suppose -3*x + 380 = 2*j, -30*j + 5*x = -31*j + 197. Let f be (-1)/((-1 + 3)/(-34)). Calculate the greatest common factor of j and f.
17
Let y = 560 - 936. Let r = -330 - y. What is the greatest common factor of 230 and r?
46
Let c be ((-6)/(-9))/(-2) + (-56)/(-42). Let j be 72*c*(0 + (-3)/(-4)). What is the greatest common factor of 351 and j?
27
Let t = 7348 - 6617. What is the highest common factor of 255 and t?
17
Let h = 368 - 272. Suppose -110*u + 109*u = -h. What is the greatest common factor of 12 and u?
12
Suppose 0 = 10*i - 90 + 290. Let o be (-8)/(-3)*(-210)/i. What is the greatest common divisor of o and 224?
28
Suppose -6439*z + 6423*z = -38448. Calculate the highest common divisor of 89 and z.
89
Suppose -31*n + 36*n + 3*j - 2162 = 0, 2*j + 852 = 2*n. Calculate the highest common divisor of n and 258.
86
Let j(x) = 1877*x + 44. Let p be j(2). Calculate the highest common divisor of p and 18.
18
Let f(r) = r**2 + 11*r + 32. Let b(a) = -a**2 - 12*a - 42. Let g be b(-8). Let o be f(g). Calculate the highest common factor of 77 and o.
11
Let k be (-104)/(-10) - 7/((-70)/(-4)). Suppose -k*y + 3568 = -2552. What is the greatest common factor of y and 36?
36
Suppose 3*t + 5*l = -t + 240, 240 = 4*t - 2*l. Let y(j) = -14*j + 349. Let o be y(0). Let k = -199 + o. Calculate the highest common factor of k and t.
30
Let a = -3243 - -4015. What is the greatest common factor of a and 2?
2
Suppose -15*i = -16*i + 13*i - 4176. Calculate the highest common factor of 319 and i.
29
Let k(t) = 16*t**2 + t - 1. Let w = 62 - 61. Let o be k(w). Suppose 4*f + 0*q - 2*q = 18, 3*f - q = o. Calculate the highest common divisor of 14 and f.
7
Let i = 311 - 285. Let q(c) = -4*c - 4. Let h be q(-3). Let s = h + i. What is the highest common factor of s and 34?
34
Let a be 2 + (-3)/3 - -1. Suppose -a = 2*y - 6. Suppose 79 = 4*d + 3*v, -31 = -5*d + 4*d - 3*v. What is the greatest common factor of y and d?
2
Let a(i) = 128*i**2 - 175*i + 176. Let d be a(1). What is the highest common divisor of d and 6321?
129
Suppose -3*n - 422 = -734. Let z be 100/3*18/15. Calculate the highest common divisor of z and n.
8
Let t be (6 + -7)/((-3)/(-9)*(-6)/1876). What is the greatest common factor of 21 and t?
7
Suppose -20 = -5*l - 2*v, -3*l - 16 + 2 = -4*v. Suppose -2*i = l, 2*o - 10 = 3*i + 45. Calculate the highest common factor of o and 325.
13
Suppose -26*m - 9*m + 3449 = -6981. Calculate the highest common divisor of m and 2.
2
Let v(n) = 68*n + 8893. Let i be v(-129). Suppose -f + 44 = -0*f. Calculate the greatest common factor of f and i.
11
Suppose -2*c - 8*h + 4*h = 22, -58 = 4*c + h. Let w(s) = s**3 + 16*s**2 + 13*s - 19. Let f be w(c). Calculate the highest common factor of f and 418.
11
Let n(x) = -10*x**2 - 21*x + 30. Let d(b) = 8*b**2 + 22*b - 31. Let l(t) = 4*d(t) + 3*n(t). Let v be l(-14). What is the highest common divisor of 12 and v?
4
Suppose m - 10 = -7. Suppose 0 = m*x + 5*s - 264, 0*x + 3*s - 264 = -3*x. Let b be (x/2)/((-6)/(-27)*1). What is the highest common factor of 18 and b?
18
Suppose 13681 = 12*o + 1393. What is the highest common factor of o and 32?
32
Let b(v) = v**3 + 14*v**2 - 11*v. Let o be b(-10). Let l be o/18 + (-2)/(-6)*2. Suppose -4*r + 902 + 142 = 0. What is the greatest common divisor of r and l?
29
Let t = 5175 - 2496. What is the highest common divisor of t and 171?
57
Suppose -72*r - r - 220177 + 1206699 = 0. Calculate the highest common factor of r and 58.
58
Let w(g) = -g**3 - 26*g**2 + 40*g + 45. Suppose 7*o + 206 = 3. Let m be w(o). Calculate the greatest common factor of 44 and m.
44
Let f = -273 + 343. Let a = f - 57. Calculate the highest common factor of 377 and a.
13
Let s = -120 - -219. Let a be (-7 + 3 - -6)*11. Suppose 23 = 5*i - a. Calculate the greatest common divisor of i and s.
9
Let i = -2583 + 3558. Calculate the greatest common divisor of i and 300.
75
Suppose 221 + 68 = 17*i. Let r(a) = -a**2 + a - 5. Let p be r(-4). Let y = 59 + p. What is the highest common divisor of y and i?
17
Let y be 1/4 - (-13)/312*906. Let r(t) = 6*t**2 - 10*t - 2. Let m be r(7). Let q = -127 + m. What is the highest common factor of y and q?
19
Let x = 96 - 89. Let a be (-2)/(6/((-30)/35))*x. Calculate the highest common factor of 16 and a.
2
Let f = -10872 - -11043. Calculate the highest common factor of 3819 and f.
57
Let g be 210*(118560/(-112))/(-19). What is the greatest common factor of g and 52?
52
Suppose 0 = -f - 8*f + 2376. Suppose 3*s + 5*g = f, 4*s - 4*g - 10 - 342 = 0. Let c = 110 - 102. Calculate the greatest common factor of s and c.
8
Let h be -9 + (-207)/(-21) - 110/(-35). Suppose 2*l + 5 = -1, 3*l - 3 = -2*q. Calculate the highest common factor of h and q.
2
Let y = -56 - -76. Let q be y*1/(-10)*-5. Suppose 4*l + l = 25. Calculate the greatest common divisor of q and l.
5
Suppose 534*z + 508*z - 9953492 = 320*z. What is the greatest common factor of 244 and z?
122
Suppose -890 + 332 = 4*v - 66*v. Let n(u) = 16*u**2 + 2*u + 3. Let x be n(3). What is the greatest common divisor of v and x?
9
Let a = -172 + 185. Suppose -2*f + 26 = 3*q, 3*f + 0 + 5 = q. Suppose -c + q*c - 637 = 0. What is the greatest common divisor of a and c?
13
Let a be 1*(-130)/(-15)*9 + 6. Calculate the highest common divisor of 4074 and a.
42
Suppose -957*y + 1344*y = 21285. Calculate the highest common divisor of y and 475.
5
Let f = -13507 - -13521. Let j(v) = -62*v + 2. Let k be j(-2). What is the highest common divisor of k and f?
14
Suppose -3*l + 192 = l. Let u be (l/4)/((-2)/(-29)). Let w = u + -39. Calculate the greatest common divisor of w and 54.
27
Let y be 8/6 - (5 - (-1328)/(-48)). Let s = -6 + 12. Let d = 38 - s. Calculate the highest common factor of d and y.
8
Suppose 209*r - 208*r = 5*i - 175, 0 = r. Calculate the greatest common divisor of i and 365.
5
Suppose 3*z = q + 3, -22*q = -5*z - 24*q + 16. Suppose z*v - 194 = -j + 181, 3*j - 1134 = 3*v. What is the greatest common factor of j and 13?
13
Let w = 5023 + -4999. Calculate the greatest common divisor of 5496 and w.
24
Let s(u) = 92*u + 1173. Let r be s(6). What is the greatest common divisor of 10 and r?
5
Let m be ((-1)/4)/((-3)/36). Let z(u) = -u**m - 18*u + 0 - 4*u - 14*u**2 + 2. Let b be z(-13). What is the highest common factor of b and 17?
17
Suppose 8664 = -58*x + 77*x. What is the greatest common divisor of 216 and x?
24
Suppose -7*q + 9*q - 152 = 0. Let w be 2/2*(q + -38). What is the greatest common divisor of 247 and w?
19
Let t = 0 - 70. Let h = -79 - t. Let y be (-324)/h*(-1 + (-5)/(-2)). Calculate the greatest common factor of y and 6.
6
Let h = -24596 + 24720. What is the greatest common divisor of 412 and h?
4
Let c(a) = a**3 - a**2 + a + 10. Let b be c(-6). Let w = b - -258. Calculate the greatest common factor of w and 270.
10
Suppose -46 + 18 = -3*z - x, 4*z + x = 37. Suppose 12*m - 3*n + 2*n = 11, 5*m - 4*n - 1 = 0. What is the highest common divisor of z and m?
1
Suppose 4*x = -3*l + 144, -l = -0*l + 2*x - 52. Calculate the highest common divisor of l and 2712.
8
Let d be (-14)/6 + 2/(-12)*-2. Let c(t) = 58*t - 6. Let i be c(d). Let l = 190 + i. What is the greatest common factor of 17 and l?
17
Suppose -5*c + 81 = -94. Suppose -8*z = c - 291. Calculate the highest common factor of 104 and z.
8
Let y be 48*(-14 - 336/(-18)). What is the highest common factor of y and 1624?
56
Let m = -18446 + 27116. What is the highest common factor of 30 and m?
30
Let g(h) = 190*h - 12. Let z be g(-2). Let r = z + 406. What is the greatest common divisor of r and 602?